74?
2, 331, 477577
What are the prime factors of 301740345?
3, 5, 6705341
List the prime factors of 1057993517.
7, 79, 449, 4261
List the prime factors of 4683240566.
2, 29, 80745527
What are the prime factors of 98575615?
5, 491, 40153
List the prime factors of 44707855.
5, 19, 470609
List the prime factors of 49998158.
2, 7, 19, 187963
List the prime factors of 6154175802.
2, 3, 1459, 703013
What are the prime factors of 116892893?
13, 8991761
What are the prime factors of 958579393?
19, 6553, 7699
List the prime factors of 458365367.
19, 23, 1048891
What are the prime factors of 46459462?
2, 7, 3318533
List the prime factors of 121601869.
37, 191, 17207
List the prime factors of 1074156857.
137, 7840561
List the prime factors of 3498866.
2, 7, 491, 509
What are the prime factors of 5452195978?
2, 2726097989
What are the prime factors of 374494710?
2, 3, 5, 1307, 9551
What are the prime factors of 298468058?
2, 7, 29, 735143
What are the prime factors of 873491287?
47, 18584921
What are the prime factors of 132686232?
2, 3, 7, 131, 6029
What are the prime factors of 106673592?
2, 3, 83, 53551
List the prime factors of 714793551.
3, 109, 2185913
List the prime factors of 4062701806.
2, 127, 1123, 14243
List the prime factors of 85913146.
2, 11, 109, 3257
List the prime factors of 1071510927.
3, 7559, 47251
What are the prime factors of 591933335?
5, 7, 16912381
What are the prime factors of 99752528?
2, 569, 10957
What are the prime factors of 91987472?
2, 107, 53731
What are the prime factors of 3445949818?
2, 1722974909
List the prime factors of 314151900.
2, 3, 5, 1047173
List the prime factors of 87867259.
87867259
List the prime factors of 1993162383.
3, 349, 70507
List the prime factors of 384398212.
2, 11, 8736323
What are the prime factors of 3683624904?
2, 3, 547, 31177
What are the prime factors of 1614697?
7, 31, 1063
What are the prime factors of 5031849533?
17, 295991149
List the prime factors of 4494811884.
2, 3, 374567657
List the prime factors of 36533398.
2, 11, 1660609
What are the prime factors of 11184126?
2, 3, 257, 7253
List the prime factors of 828513052.
2, 167, 563, 2203
What are the prime factors of 142134677?
113, 1257829
List the prime factors of 269024552.
2, 4423, 7603
What are the prime factors of 887710733?
7, 13, 73, 133631
List the prime factors of 8348575517.
43, 1607, 120817
List the prime factors of 82051104.
2, 3, 829, 1031
List the prime factors of 2554019803.
17, 150236459
List the prime factors of 56145173.
7, 2531, 3169
List the prime factors of 345384247.
13, 47, 127, 4451
What are the prime factors of 43882673?
43882673
List the prime factors of 1718488220.
2, 5, 8443, 10177
List the prime factors of 6811476250.
2, 5, 19, 59, 4861
What are the prime factors of 994382578?
2, 7, 59, 229, 751
List the prime factors of 201343570.
2, 5, 19, 1059703
What are the prime factors of 4263534433?
4263534433
What are the prime factors of 18513402?
2, 3, 3085567
List the prime factors of 923622169.
923622169
List the prime factors of 169512436.
2, 1433, 29573
What are the prime factors of 23753334?
2, 3, 11, 37, 71, 137
List the prime factors of 313267577.
7, 53, 239, 3533
What are the prime factors of 2136810593?
53, 40317181
List the prime factors of 342949080.
2, 3, 5, 43, 66463
List the prime factors of 3423694566.
2, 3, 17, 101, 113, 173
What are the prime factors of 349003908?
2, 3, 11, 71, 12413
What are the prime factors of 45734648?
2, 263, 21737
List the prime factors of 281836733.
23, 37, 331183
What are the prime factors of 24136315?
5, 7, 23, 29983
What are the prime factors of 473509068?
2, 3, 39459089
What are the prime factors of 271129296?
2, 3, 5648527
What are the prime factors of 15138798?
2, 3, 2523133
What are the prime factors of 96268694?
2, 48134347
What are the prime factors of 412673014?
2, 13, 15872039
List the prime factors of 337785256.
2, 42223157
List the prime factors of 748148967.
3, 1063, 8689
What are the prime factors of 16800408?
2, 3, 19, 12281
What are the prime factors of 5308909?
43, 331, 373
What are the prime factors of 361097596?
2, 193, 467743
List the prime factors of 94706050.
2, 5, 1894121
List the prime factors of 92544437.
37, 2501201
What are the prime factors of 79275498?
2, 3, 439, 30097
List the prime factors of 6316141.
13, 43, 11299
List the prime factors of 91577380.
2, 5, 4578869
What are the prime factors of 653517571?
7, 59, 101, 15667
List the prime factors of 515056476.
2, 3, 11, 3901943
What are the prime factors of 6709615002?
2, 3, 37, 47, 214351
List the prime factors of 2015363114.
2, 1007681557
List the prime factors of 28210879.
227, 124277
List the prime factors of 930674606.
2, 19, 173, 7451
List the prime factors of 181078597.
7, 25868371
What are the prime factors of 135831261?
3, 23, 1968569
List the prime factors of 486115010.
2, 5, 48611501
What are the prime factors of 22529538?
2, 3, 1251641
List the prime factors of 712360014.
2, 3, 118726669
What are the prime factors of 1099047891?
3, 2803, 130699
List the prime factors of 154318186.
2, 11, 31, 353, 641
What are the prime factors of 7477686?
2, 3, 415427
List the prime factors of 1039348321.
11, 157, 601823
What are the prime factors of 1263569463?
3, 13, 71, 16901
What are the prime factors of 184518288?
2, 3, 607, 2111
What are the prime factors of 20715455?
5, 41, 101051
List the prime factors of 129460433.
19, 31, 219797
What are the prime factors of 1931687745?
3, 5, 13, 762007
What are the prime factors of 98845216?
2, 3088913
List the prime factors of 304665628.
2, 113, 191, 3529
What are the prime factors of 650100142?
2, 829, 392099
What are the prime factors of 280757006?
2, 17, 53, 347, 449
What are the prime factors of 245774374?
2, 47, 2614621
What are the prime factors of 2917516970?
2, 5, 37, 53, 4021
List the prime factors of 72893465.
5, 14578693
List the prime factors of 937876338.
2, 3, 7, 7443463
List the prime factors of 405721894.
2, 197, 1029751
What are the prime factors of 33625799?
1429, 23531
What are the prime factors of 433357920?
2, 3, 5, 151, 1993
What are the prime factors of 23133067?
181, 127807
List the prime factors of 53511229.
151, 389, 911
What are the prime factors of 3717088673?
23, 1153, 140167
What are the prime factors of 196908208?
2, 7, 571, 3079
What are the prime factors of 3408933308?
2, 11, 77475757
List the prime factors of 239041719.
3, 7, 37, 34183
List the prime factors of 78000144.
2, 3, 37, 1187
What are the prime factors of 132858307?
132858307
What are the prime factors of 65323022?
2, 29, 1126259
What are the prime factors of 89081487?
3, 11, 797, 1129
What are the prime factors of 328734992?
2, 20545937
List the prime factors of 11079414.
2, 3, 109, 5647
List the prime factors of 426603433.
89, 1621, 2957
What are the prime factors of 9143555?
5, 29, 63059
List the prime factors of 371928735.
3, 5, 389, 21247
List the prime factors of 111388398.
2, 3, 11, 97, 127, 137
List the prime factors of 3353608107.
3, 71, 727, 7219
List the prime factors of 1401912277.
37, 37889521
List the prime factors of 3120453706.
2, 79, 19749707
List the prime factors of 29064016.
2, 17, 106853
List the prime factors of 7408135454.
2, 19, 194950933
List the prime factors of 645736726.
2, 322868363
What are the prime factors of 468855174?
2, 3, 47, 71, 23417
List the prime factors of 82661911.
82661911
What are the prime factors of 8436593?
11, 29, 53, 499
What are the prime factors of 92643932?
2, 79, 293177
List the prime factors of 55329219.
3, 11, 558881
List the prime factors of 17772353.
19, 23, 67, 607
What are the prime factors of 1363731282?
2, 3, 25254283
What are the prime factors of 101507573?
101507573
List the prime factors of 127434835.
5, 11, 23, 131, 769
What are the prime factors of 627111338?
2, 7, 31, 1444957
List the prime factors of 614559558.
2, 3, 102426593
List the prime factors of 283586846.
2, 7541, 18803
List the prime factors of 90898475.
5, 463, 7853
What are the prime factors of 735895333?
71, 10364723
List the prime factors of 21085474.
2, 17, 620161
List the prime factors of 616380663.
3, 8623, 23827
What are the prime factors of 405664360?
2, 5, 293, 34613
List the prime factors of 1914627641.
37, 227, 257,